{"id":221,"date":"2025-02-13T10:56:20","date_gmt":"2025-02-13T09:56:20","guid":{"rendered":"https:\/\/plombrek24.com\/?page_id=221"},"modified":"2025-06-18T23:51:45","modified_gmt":"2025-06-18T21:51:45","slug":"mentions-legales","status":"publish","type":"page","link":"https:\/\/plombrek24.com\/index.php\/mentions-legales\/","title":{"rendered":"Mentions L\u00e9gales"},"content":{"rendered":"<p>[et_pb_section fb_built=&#8221;1&#8243; _builder_version=&#8221;4.23.1&#8243; _module_preset=&#8221;default&#8221; global_colors_info=&#8221;{}&#8221;][et_pb_row _builder_version=&#8221;4.23.1&#8243; _module_preset=&#8221;default&#8221; global_colors_info=&#8221;{}&#8221;][et_pb_column type=&#8221;4_4&#8243; _builder_version=&#8221;4.23.1&#8243; _module_preset=&#8221;default&#8221; global_colors_info=&#8221;{}&#8221;][et_pb_text _builder_version=&#8221;4.23.1&#8243; _module_preset=&#8221;default&#8221; text_font=&#8221;|700|||on||||&#8221; text_text_color=&#8221;#000000&#8243; text_font_size=&#8221;23px&#8221; text_orientation=&#8221;center&#8221; global_colors_info=&#8221;{}&#8221;]<\/p>\n<p>Mentions L\u00e9gales<\/p>\n<p>[\/et_pb_text][\/et_pb_column][\/et_pb_row][et_pb_row _builder_version=&#8221;4.23.1&#8243; _module_preset=&#8221;default&#8221; global_colors_info=&#8221;{}&#8221;][et_pb_column type=&#8221;4_4&#8243; _builder_version=&#8221;4.23.1&#8243; _module_preset=&#8221;default&#8221; global_colors_info=&#8221;{}&#8221;][et_pb_text _builder_version=&#8221;4.23.1&#8243; _module_preset=&#8221;default&#8221; text_text_color=&#8221;#000000&#8243; global_colors_info=&#8221;{}&#8221;]<\/p>\n<p>Le pr\u00e9sent site internet est exploit\u00e9 par PLOMBREK24, une entreprise de d\u00e9pannage d\u2019urgence en plomberie, \u00e9lectricit\u00e9 et serrurerie, ci-apr\u00e8s d\u00e9sign\u00e9e \u00ab l&#8217;Entreprise \u00bb. En acc\u00e9dant \u00e0 ce site internet, vous acceptez sans r\u00e9serve les conditions suivantes.<\/p>\n<p><strong>1. Informations l\u00e9gales<\/strong><br \/>\uf0b7 Nom de l&#8217;entreprise : PLOMBREK24<br \/>\uf0b7 Forme juridique : SAS<br \/>\uf0b7 Capital social : 1000\u20ac<br \/>\uf0b7 Num\u00e9ro d&#8217;immatriculation : 938 944 964 00015<br \/>\uf0b7 Num\u00e9ro de TVA intracommunautaire : FR72948252523<br \/>\uf0b7 Adresse du si\u00e8ge social : 3 rue Auguste renoir 95370 Montigny Les Cormeilles<br \/>\uf0b7 T\u00e9l\u00e9phone : 07 83 23 52 04<br \/>\uf0b7 Email :\u00a0<span style=\"color: #000000;\"><a href=\"mailto:plombrek24@gmail.com\" style=\"color: #000000;\">plombrek24@gmail.com<\/a>\u00a0<\/span><br \/>\uf0b7 Directeur de la publication : Mr Masamuna Kevi<br \/>\uf0b7 H\u00e9bergeur :\u00a0<br \/>o H\u00e9bergeur : OVH<br \/>o Adresse : 2 rue Kellermann 59100 Roubaix<br \/>o T\u00e9l\u00e9phone : 1007<\/p>\n<p><strong>2. Propri\u00e9t\u00e9 intellectuelle<\/strong><br \/>Tous les \u00e9l\u00e9ments du site internet www.plombrek24.com (textes, images, graphismes, logos,ic\u00f4nes, vid\u00e9os, etc.) sont prot\u00e9g\u00e9s par des droits d\u2019auteur ou autres droits de propri\u00e9t\u00e9 intellectuelle. Toute reproduction, repr\u00e9sentation, modification ou exploitation partielle ou totale de ce site ou de ses \u00e9l\u00e9ments sans autorisation pr\u00e9alable est strictement interdite et constitue une violation des droits de propri\u00e9t\u00e9 intellectuelle de l&#8217;entreprise ou des tiers concern\u00e9s.<\/p>\n<p><strong>3. Responsabilit\u00e9<\/strong><br \/>L&#8217;Entreprise met tout en \u0153uvre pour fournir des informations pr\u00e9cises et \u00e0 jour sur son site internet. Cependant, elle ne peut garantir l&#8217;exactitude, l&#8217;exhaustivit\u00e9 ou la mise \u00e0 jour des informations. En cons\u00e9quence, l&#8217;Entreprise d\u00e9cline toute responsabilit\u00e9 en cas d&#8217;erreurs ou d&#8217;omissions dans le contenu du site, ou de toute interruption temporaire du service. L&#8217;Entreprise ne saurait \u00eatre tenue responsable des dommages directs ou indirects d\u00e9coulant de l&#8217;utilisation de ce site, notamment en cas de perte de donn\u00e9es, de virus ou d&#8217;autres \u00e9l\u00e9ments nuisibles.<\/p>\n<p><strong>4. Collecte de donn\u00e9es personnelles<\/strong><br \/>En accord avec la l\u00e9gislation en vigueur sur la protection des donn\u00e9es personnelles, l&#8217;Entreprise s&#8217;engage \u00e0 respecter la confidentialit\u00e9 des informations que vous lui communiquez. Les donn\u00e9es personnelles que vous fournissez via les formulaires de contact (nom, adresse, email, t\u00e9l\u00e9phone) sont uniquement utilis\u00e9es pour traiter vos demandes de renseignements ou de services.<br \/>Conform\u00e9ment au R\u00e8glement G\u00e9n\u00e9ral sur la Protection des Donn\u00e9es (RGPD), vous disposez des droits suivants :<br \/>\uf0b7 Droit d&#8217;acc\u00e8s : vous pouvez demander \u00e0 acc\u00e9der \u00e0 vos donn\u00e9es personnelles.<br \/>\uf0b7 Droit de rectification : vous pouvez demander la correction ou la mise \u00e0 jour de vos donn\u00e9es.<br \/>\uf0b7 Droit \u00e0 l&#8217;effacement : vous pouvez demander la suppression de vos donn\u00e9es<br \/>personnelles.<br \/>\uf0b7 Droit \u00e0 la portabilit\u00e9 : vous pouvez demander de r\u00e9cup\u00e9rer vos donn\u00e9es personnelles sous un format structur\u00e9, couramment utilis\u00e9 et lisible par machine.<br \/>Pour exercer vos droits, contactez-nous par email \u00e0 <span style=\"color: #000000;\"><a href=\"mailto:plombrek24@gmail.com\" style=\"color: #000000;\">plombrek24@gmail.com<\/a>\u00a0<\/span>.<\/p>\n<p><strong>5. Cookies<\/strong><br \/>Le site utilise des cookies pour am\u00e9liorer votre exp\u00e9rience de navigation, notamment pour analyser l&#8217;utilisation du site et personnaliser le contenu affich\u00e9. Vous avez la possibilit\u00e9 de d\u00e9sactiver les cookies en configurant votre navigateur, mais cela peut affecter l&#8217;accessibilit\u00e9 de certaines fonctionnalit\u00e9s du site.<\/p>\n<p><strong>6. Liens externes<\/strong><br \/>Le site peut contenir des liens vers d&#8217;autres sites internet. L&#8217;Entreprise n&#8217;est pas responsable du contenu de ces sites externes, ni des politiques de confidentialit\u00e9 qu&#8217;ils appliquent. La pr\u00e9sence de ces liens n&#8217;implique en aucune mani\u00e8re une approbation ou une validation des informations pr\u00e9sentes sur ces sites.<\/p>\n<p><strong>7. Modification des mentions l\u00e9gales<\/strong><br \/>L&#8217;Entreprise se r\u00e9serve le droit de modifier, \u00e0 tout moment, les pr\u00e9sentes mentions l\u00e9gales.<br \/>Toute modification sera imm\u00e9diatement applicable d\u00e8s sa publication sur le site. Il est donc conseill\u00e9 de consulter r\u00e9guli\u00e8rement cette page pour prendre connaissance des \u00e9ventuelles mises \u00e0 jour.<\/p>\n<p><strong>8. Droit applicable<\/strong><br \/>Les pr\u00e9sentes mentions l\u00e9gales sont r\u00e9gies par le droit fran\u00e7ais. En cas de litige, les tribunaux fran\u00e7ais seront comp\u00e9tents.<br \/>Contact : Kevi Masamuna<br \/>Nom de l&#8217;entreprise: PLOMBREK24<br \/>T\u00e9l\u00e9phone : 07 83 23 52 04<br \/>Email : <span style=\"color: #000000;\"><a href=\"mailto:plombrek24@gmail.com\" style=\"color: #000000;\">plombrek24@gmail.com<\/a>\u00a0<\/span><\/p>\n<p>[\/et_pb_text][\/et_pb_column][\/et_pb_row][\/et_pb_section]<\/p>\n","protected":false},"excerpt":{"rendered":"<p>Mentions L\u00e9galesLe pr\u00e9sent site internet est exploit\u00e9 par PLOMBREK24, une entreprise de d\u00e9pannage d\u2019urgence en plomberie, \u00e9lectricit\u00e9 et serrurerie, ci-apr\u00e8s d\u00e9sign\u00e9e \u00ab l&#8217;Entreprise \u00bb. En acc\u00e9dant \u00e0 ce site internet, vous acceptez sans r\u00e9serve les conditions suivantes. 1. Informations l\u00e9gales\uf0b7 Nom de l&#8217;entreprise : PLOMBREK24\uf0b7 Forme juridique : SAS\uf0b7 Capital social : 1000\u20ac\uf0b7 Num\u00e9ro d&#8217;immatriculation [&hellip;]<\/p>\n","protected":false},"author":1,"featured_media":0,"parent":0,"menu_order":0,"comment_status":"closed","ping_status":"closed","template":"","meta":{"_et_pb_use_builder":"on","_et_pb_old_content":"","_et_gb_content_width":"","footnotes":""},"class_list":["post-221","page","type-page","status-publish","hentry"],"jetpack_sharing_enabled":true,"_links":{"self":[{"href":"https:\/\/plombrek24.com\/index.php\/wp-json\/wp\/v2\/pages\/221","targetHints":{"allow":["GET"]}}],"collection":[{"href":"https:\/\/plombrek24.com\/index.php\/wp-json\/wp\/v2\/pages"}],"about":[{"href":"https:\/\/plombrek24.com\/index.php\/wp-json\/wp\/v2\/types\/page"}],"author":[{"embeddable":true,"href":"https:\/\/plombrek24.com\/index.php\/wp-json\/wp\/v2\/users\/1"}],"replies":[{"embeddable":true,"href":"https:\/\/plombrek24.com\/index.php\/wp-json\/wp\/v2\/comments?post=221"}],"version-history":[{"count":3,"href":"https:\/\/plombrek24.com\/index.php\/wp-json\/wp\/v2\/pages\/221\/revisions"}],"predecessor-version":[{"id":355,"href":"https:\/\/plombrek24.com\/index.php\/wp-json\/wp\/v2\/pages\/221\/revisions\/355"}],"wp:attachment":[{"href":"https:\/\/plombrek24.com\/index.php\/wp-json\/wp\/v2\/media?parent=221"}],"curies":[{"name":"wp","href":"https:\/\/api.w.org\/{rel}","templated":true}]}}